e the prime factors of u(l)?
109
Let j = -24163 - -40296. What are the prime factors of j?
13, 17, 73
List the prime factors of (-24372)/(-30)*((-456)/(-18) - 7).
2, 11, 677
Suppose 30*l + 4*o - 9071 = 29*l, 18160 = 2*l + 5*o. What are the prime factors of l?
5, 17, 107
What are the prime factors of (-2546)/(-201)*1/2*1527?
19, 509
Let h(x) = -x**3 - 113*x**2 - 200*x - 384. What are the prime factors of h(-113)?
2, 2777
Let c = 6830 - -7480. List the prime factors of c.
2, 3, 5, 53
Let l(w) = -10*w**3 - 13*w**2 + 13*w - 24. List the prime factors of l(-8).
2, 5, 13
Let i(b) = b**3 + 10*b**2 - 12*b - 15. Let d be i(-11). List the prime factors of d + 5550/35 + (-3)/(-7).
5, 31
Let p(i) = -i**2 + 6*i + 12. Let y be p(8). Let f be (y + -1)/(-5) + 1. Suppose 27 = 3*s + 5*v, -2*s + 13 + 1 = f*v. What are the prime factors of s?
2
Suppose -v = 10*v - 55. What are the prime factors of (55/10 - v)*370?
5, 37
What are the prime factors of 14/(-10) + -12 + 463220/50?
11, 29
Let i be (2/(-21)*45)/(3/(-14)). Suppose 0 = 15*v - i*v + 975. What are the prime factors of v?
3, 5, 13
Suppose -9*p = -10*p - 642. Let s = p - -917. List the prime factors of s.
5, 11
Let j(t) = 7*t**2 - 3*t**2 - t**3 - 17*t**2 + 50*t - 25 - 11*t**2. What are the prime factors of j(-26)?
3
Let a = -2621 - -3405. What are the prime factors of a?
2, 7
Suppose 53026 = z + 2*s, 81*s - 85*s = z - 53044. What are the prime factors of z?
2, 3313
Let r(f) = 2*f**2 - 55*f - 66. Let d be r(29). Let k(t) = 37*t - 87. List the prime factors of k(d).
2, 3, 5, 23
Let j(h) = 424*h + 3900. List the prime factors of j(61).
2, 7, 1063
Let a(h) = -103*h**3 - 34*h**2 - 5*h + 41. List the prime factors of a(-6).
5, 4219
Suppose 3*o = 43*o + 10*o - 1771800. What are the prime factors of o?
2, 3, 2953
Suppose 47*z - 256900 = 12*z. List the prime factors of z.
2, 5, 367
Let b(r) = -14*r + 37*r + 2*r**2 + 22*r + r**2 + 4. List the prime factors of b(-21).
2, 191
Suppose 0 = 10*g - 38229 - 25581. List the prime factors of g.
3, 709
Let k = -372 + 380. Suppose 0 = 4*x + k, -5*x = 28*f - 25*f - 1640. What are the prime factors of f?
2, 5, 11
Let h(s) = 1107*s - 2149. List the prime factors of h(14).
7, 1907
Suppose -17*a = 13*a + 16*a - 12834. List the prime factors of a.
3, 31
Let w(b) = -12*b - 20. Let u be w(-7). Suppose v = 5*v - u. Let a(o) = o**2 - 13*o + 11. What are the prime factors of a(v)?
59
List the prime factors of 69/(1035/14200)*6.
2, 5, 71
Let r(m) be the second derivative of 32*m**4/3 + m**3/3 + m**2/2 + 2*m. Suppose -4*b - 3*l - 11 = -2*b, 19 = -b - 6*l. List the prime factors of r(b).
127
Suppose -4*o + x - 487 + 1399 = 0, -3*x = 0. Let m = 95 + o. List the prime factors of m.
17, 19
Let c = 28212 + -12412. List the prime factors of c.
2, 5, 79
Let o(n) = 10*n**2 - 141*n + 12. What are the prime factors of o(41)?
61, 181
Suppose -20*m + 12*m = 32. Let c(u) = 4*u**2 - 6*u - 2. Let g be c(6). List the prime factors of g/((m/(-3))/2).
3, 53
Suppose 4*d = -3*k + 159431 + 10304, 0 = d - 3*k - 42445. What are the prime factors of d?
2, 103
Let u(p) = -2*p + 5. Let q be u(6). Let o = 12 + q. Suppose o*m - 51 - 62 = 3*i, -2*m + 41 = 3*i. List the prime factors of m.
2, 11
Let p(s) = -321*s**2 - 4*s - 9. Let k(n) = -2*n. Let x(y) = -2*k(y) - p(y). List the prime factors of x(-1).
2, 7, 23
Let k be (-14 - 1)/((-1)/2*2). What are the prime factors of (1 + (-2305)/k)*-3?
2, 229
Let k be -1*(0 - (-4 - -1)). Suppose -2*m - 2*s - 2 = 0, -3*s + 2*s - 9 = -3*m. What are the prime factors of 31 + (k + m - 0)?
2, 3, 5
Let d(l) = 73 - 640*l - 32 - 36. List the prime factors of d(-1).
3, 5, 43
Let o(n) = 1591*n + 14078. What are the prime factors of o(-7)?
17, 173
Let b = -8 - -17. What are the prime factors of ((-285)/(-2))/((b/12)/1)?
2, 5, 19
Suppose 0*k + 118*k = 354. Suppose 3*d + 9 = 0, 5*w - 5*d - 410 = 15. Suppose -3*j + 2*j - 2*o + w = 0, -j + k*o + 102 = 0. What are the prime factors of j?
2, 3, 5
Let s = 3965 + -1195. Suppose -3*x = -2*g + s, 3513 = 2*g + x + 727. List the prime factors of g.
13, 107
Let p(y) = 16*y + 174. Let s(w) = 31*w + 352. Let n(j) = 7*p(j) - 4*s(j). List the prime factors of n(-20).
2, 5
Suppose f - 172 - 49 = 0. Let m(b) = -8*b + 79. Let y be m(-6). Let c = f - y. List the prime factors of c.
2, 47
Suppose -201*p + 402508 = -1283882. List the prime factors of p.
2, 5, 839
Let v(t) = 4*t**3 + 16*t**2 - 5*t - 51. Let r(o) = -o**3 - o**2 - o - 1. Let p(g) = 3*r(g) + v(g). List the prime factors of p(-13).
2, 5
Let y(p) = 16*p**2 - 87*p + 23. List the prime factors of y(-19).
2, 3, 23
Suppose 33*g - 17677 - 16877 = 20*g. What are the prime factors of g?
2, 3, 443
What are the prime factors of 4/5 + 0 + 111119360/8800?
2, 7, 11, 41
Let t(w) be the third derivative of -5/6*w**3 + 0 + 4*w**2 - 43/24*w**4 + 0*w. List the prime factors of t(-2).
3
Let f(s) = 4*s - 19. Let r be f(5). Let h be r/2*0/(8/(-2)). Suppose h*d + 21 = 7*d. What are the prime factors of d?
3
What are the prime factors of (0 + -264)*(135/(-27) + 39/9)?
2, 11
Let y(m) = -56*m**2 - 3*m + 5. Let w be y(2). Suppose 4*a + 599 = -4*z + 3*a, 4*a - 20 = 0. Let x = z - w. List the prime factors of x.
2, 37
Let r(s) = 67*s**2 + 2*s - 18. Let v = 378 + -375. List the prime factors of r(v).
3, 197
Let d(o) = -3*o**2 - 3*o - 14. Let l be d(-6). Let r = l - -45. Let f = r - -66. What are the prime factors of f?
7
Let z(f) = -f**2 + 4*f + 14. Let t be z(7). Let h(s) = 0*s + 5*s + 6 - 2*s + s**2 - 3. What are the prime factors of h(t)?
31
Let q = 1716 - 880. Let c = q + -537. List the prime factors of c.
13, 23
Let f = -9 - 2. What are the prime factors of ((-3516)/9)/(f/(132/8))?
2, 293
Let q be 6/33 - 1206/(-22). Let p = 59 - 59. Suppose p = -4*s + 5*s - q. What are the prime factors of s?
5, 11
Let j(r) = -r**2 + 17*r + 23. Let c be j(18). Suppose -c*p + 7 = 42. Let q = p + 11. List the prime factors of q.
2
Let y = 10548 - -8528. List the prime factors of y.
2, 19, 251
Let z(c) = -394*c - 106. What are the prime factors of z(-19)?
2, 3, 5, 41
Let i(r) = r**2 - 16*r + 45. Let a be i(15). Let s = a - -98. What are the prime factors of s?
2
Let f(d) = 4624*d + 1813. List the prime factors of f(4).
23, 883
Let f = -4029 + 9795. Suppose 3*y = -3*r - 166 + 3043, -3*y + f = 6*r. What are the prime factors of r?
3, 107
Let p = 23646 + 9832. What are the prime factors of p?
2, 19, 881
Suppose -26*u = 25*u - 386376. What are the prime factors of u?
2, 947
Suppose m - j - 21293 = -6*j, 3*j = 21. What are the prime factors of m?
2, 3, 1181
Let t = 299 - 297. Suppose -15*p = -t*p - 1677. List the prime factors of p.
3, 43
Let a be (-2 - 52)/(2/(-2)). Suppose 4*r + 14 - a = 0. List the prime factors of (-2226)/(-15) + (36/r - 4).
2, 37
Let y(w) = 13*w**2 - 23*w + 4813. What are the prime factors of y(0)?
4813
Let k(r) = 5*r**2 + 4*r + 4. Suppose 0 = -2*h - 2 + 6. Let w be k(h). List the prime factors of (-11 + 13)*((1 - 1) + w).
2
Let q(g) = -20 + 24 + 3*g + 29. Let s(o) = -o - 38. Let b be s(-38). List the prime factors of q(b).
3, 11
Let s = -8892 + 17388. List the prime factors of s.
2, 3, 59
Let b be (24/(-42))/(72/(-14) + 5). Suppose -3*l = -14*v + 18*v - 3669, -b*l = 4*v - 3664. What are the prime factors of v?
3, 307
Suppose -4*w - 5*q + 77016 = 0, -25*w + 2*q - 96253 = -30*w. List the prime factors of w.
19249
What are the prime factors of (-2)/12 - 50172213/(-1206)?
2, 11, 31, 61
Suppose 2*t = 4*t + 2. Let y be (-8 - 1)/((-10)/(-20)). List the prime factors of (t - -2)*(y + 35).
17
Suppose 3*c = 5*d + 18706 + 31217, -5*d + 49863 = 3*c. What are the prime factors of c?
16631
Suppose -22*l + 17*l - q - 101 = 0, -2*q - 2 = 0. List the prime factors of (-1 - -263) + l/20.
3, 29
Suppose 3*g + 8*q = 15*q + 9, 2*g - 6 = 2*q. Let u be ((-2)/(-4))/(2/72). Suppose -3*r - u = -w, -90 = -3*w - w + g*r. List the prime factors of w.
2, 3
Suppose 5*y - 11397 = -h, 156*h + 4*y + 11334 = 157*h. List the prime factors of h.
2, 13, 19, 23
Let s = -2479 - -6631. List the prime factors of (1*-1)/((-12)/s).
2, 173
Let u be (-34 - -32)/(-1*1). Suppose -5*b - 299 = -u*n - 58, n + b - 110 = 0. List the prime factors of n.
113
Suppose 190*i - 188124 = -103*i + 49*i. What are the prime factors of i?
3, 257
Suppose -u - 5*q = 476, 4*u = -4*q - q - 18